etermine s(h).
1
Let v(x) = x**2 + 4*x + 3. Let w be 6*-2*(-8)/12. Let t = w - 10. Give v(t).
-1
Let c(n) = 0*n - 3*n - 4*n**2 + 2 + 2*n**2. Let f(h) = h - 3. Let o be (-3)/(-3 + 0) + -1. Let r be f(o). Give c(r).
-7
Let y be (-2)/((-4)/2) - 2. Let h(w) = 0*w - 9*w**2 + w**2 - w. What is h(y)?
-7
Let s(w) = -w**3 - 6*w**2 - 5*w + 5. Let b(u) = -7*u + 2. Let a be b(2). Let t = 27 + a. Suppose -2*z = 3*m - 8*m - 25, -2*z - t = 3*m. Calculate s(m).
5
Let t(j) = j**3 + j**2 + 6. Let w = 6 - 12. Let m be 0/(w/15*-5). Determine t(m).
6
Let p(o) = -o**2 + 2 - 1 - 4*o**2 - 2*o. Give p(1).
-6
Let x(f) = 5*f**2 - 3*f - 1. Let m(o) = 4*o**2 - 2*o - 1. Suppose 0 = -n - 3*j - 3 + 5, 5*n - 2*j = -24. Let y(i) = n*m(i) + 3*x(i). Calculate y(0).
1
Let j = -17 - -31. Let a = 15 - j. Let z(n) = -14*n**2 - 2*n + 1. Give z(a).
-15
Let r(o) = 2*o**2 + 3. Suppose 4 = 2*w - 2. Let u(j) = -2*j**2 + j - 3. Let a(k) = w*u(k) + 4*r(k). Determine a(-2).
5
Let j(q) = q**2 + 2*q + 2. Let i be (8 - 4)/(2/(-1)). Give j(i).
2
Suppose -2*u + 4 = -0. Let w(s) = -2*s - 2. Let v(f) be the second derivative of -f**3/6 - 3*f**2/2 + f. Let c(b) = u*w(b) - 3*v(b). Determine c(5).
0
Let b(q) be the first derivative of -3*q - 5 - 1/2*q**2 - 1/3*q**3 + 1/4*q**4. Calculate b(0).
-3
Suppose -2*b - 2*b - 8 = 0, -10 = -4*j + 5*b. Let g(c) = -7*c**2 + 2*c - 12. Let u(l) = -4*l**2 + l - 6. Let n(x) = -3*g(x) + 5*u(x). What is n(j)?
6
Suppose -2*z + 10*j - 5*j = -28, 5*j = -3*z - 8. Let h(c) = c**3 - 4*c**2 - 3*c + 2. Give h(z).
-10
Suppose 16 = -4*g - 2*z + 6, -3*g - 25 = 5*z. Let t(a) be the first derivative of -a**3/3 + a**2/2 + 11*a - 15. What is t(g)?
11
Let s(y) = -y**2 - 5*y + 2. Let m(x) = 2*x**2 + 9*x - 4. Let r(q) = 6*m(q) + 11*s(q). What is r(2)?
0
Suppose -2*f + 5*f = -0*f. Let i(d) = -d**3 - d**2 + 7. Give i(f).
7
Let q(m) be the second derivative of -m**5/20 - m**4/3 + 2*m**2 + 4*m. Determine q(-4).
4
Suppose 0 = -15*x + 11*x - 20. Let j(k) be the second derivative of k**4/12 + k**3/2 + 3*k**2/2 + 7*k. Give j(x).
13
Let h(n) = -n + 1. Let s(d) = d**2 - d + 1. Let r(l) = -4*h(l) + 2*s(l). Suppose -3 = -g - 5. Calculate r(g).
2
Suppose -10 = -k + 4*a, -3*k + a - 5*a = 2. Let n(t) = -t**2 - 6*t + 3*t**k - 3 + t + t**3. Give n(-3).
3
Let s(j) = -11*j + 1. Let k(h) = -h - 3. Let a be k(-5). Suppose 4*v + 0*v = 2*z + 4, v + a*z - 1 = 0. Give s(v).
-10
Let z(v) be the third derivative of -v**7/5040 - 7*v**6/720 - v**5/30 + 3*v**2. Let j(i) be the third derivative of z(i). What is j(-4)?
-3
Let p(j) = -25*j - 19*j - 24*j - 1 + 67*j. Give p(5).
-6
Suppose 3*d = 3*n + 6, -3*n - 2 = -5*d + 3*d. Let f(p) = p**2 + 7*p**2 + 2 - 6*p**n + 3*p - p**3. Give f(3).
2
Let g be 15*1/(10/4). Let d(b) = 7*b - g + b**2 - 7 + 2. Let u be d(-8). Let a(c) = 2*c + 4. Determine a(u).
-2
Suppose 3*l - 6 = 2*l. Let f(h) = h**3 - 5*h**2 - 5*h - 3. Calculate f(l).
3
Let g(i) = i + 2. Let w(q) = -q - 2. Let t(a) = 2*g(a) + 3*w(a). What is t(7)?
-9
Let y(d) = -d**2 + 8*d + 2. Suppose -12*p = -9*p - 18. Give y(p).
14
Let s be (56/20)/7 + 54/(-10). Let x(z) = z**2 + 3*z - 3. Give x(s).
7
Let d(n) = -n + 13. Let q be d(9). Suppose 3*l + p - 13 = 0, q*l + 0*p - 5*p = -8. Let x(m) = -m + 3. Determine x(l).
0
Let x(j) = j**3 + j**2 - j - 3. Let s be x(0). Let a(o) = 2*o + 4 + 0 - 1. Determine a(s).
-3
Suppose 2*s + 2 = 3*s. Suppose 0 = 3*f + p + 22, 4*f = 6*f - s*p + 4. Let g be (-6)/2*(-8)/f. Let x(b) = -b - 1. What is x(g)?
3
Let i(z) = z - 16. Suppose 0*r - 5*x = r, 3*r + 5*x = 0. Give i(r).
-16
Let x(u) = -u + 8. Let g be x(8). Let h(c) be the first derivative of -c**4/4 - c**3/3 - 2. Calculate h(g).
0
Let q be (3 + -5 - 0) + 8. Let l = q - 2. Suppose -l*u + 18 - 6 = 0. Let v(t) = -t**3 + 4*t**2 - t - 4. Calculate v(u).
2
Let o(b) = -b + 6. Suppose 4*r = 2*i + 8, -2*i - 8 + 30 = 2*r. Let x be o(i). Let j(q) = -q**2 - 1 - q**3 + 0*q + x*q - q. Determine j(-1).
0
Suppose o - 5*o = 4. Let n = o - -2. Let s(m) = m**3 - 2*m**2 - 3*m + 0*m**2 + 4*m. Determine s(n).
0
Let n(t) = -3*t**3 - 5*t**2 - 3. Let h(m) = 3*m**3 + 4*m**2 + 2. Let d(u) = -4*h(u) - 3*n(u). Give d(1).
-3
Let b(z) = z**3 - 15 - 4*z + 17 - 4*z**2 + 2*z**2. Give b(3).
-1
Let l(m) be the third derivative of -m**8/6720 + m**7/1260 + m**6/240 + m**5/60 - m**4/24 - m**2. Let a(w) be the second derivative of l(w). Give a(3).
2
Let o(h) = h**2. Let p be 18/8 - (-2)/(-8). Determine o(p).
4
Let j(b) = 3*b**3 + 2*b**2 - b. Suppose 3*p + 4 = p. Give j(p).
-14
Suppose -4*a = -5*n - 41, 2*a - 4*n - 22 - 6 = 0. Let j(r) = 5*r**3 - r - 4 + 0 - a*r**3 + 5 - 3*r**2. Determine j(3).
-2
Let u(n) = 3*n + 2 + 0*n - 4*n. Let d(b) = 3*b - 5. Let y = -17 - -13. Let z(i) = y*d(i) - 10*u(i). Calculate z(1).
-2
Suppose w = 4 - 3. Let l(r) = 4*r**3 - 2*r + 2. Let t be l(w). Let k(z) = z**2 - 4*z - 5. Determine k(t).
-5
Let r = 5 - 3. Suppose -r*f = -0*f. Let c(l) = -4*l + 2 + 0*l + f*l. Determine c(2).
-6
Suppose 12 = -0*s + 4*s. Suppose -6*k = -s*k + 9. Let v(r) = r**2 + 5*r + 3. Determine v(k).
-3
Let p be (-6)/(-3) + -1 + 2. Let h(o) = 2 + p*o + o + o**2 - 1. Calculate h(-2).
-3
Let s(h) = -2*h**3 - 3*h**2 + h + 2. Let u be 5 + -3 - (0 + -2). Suppose 2*m + 20 = -2*a, -2*m - 16 = -3*a + 4*a. Let d = u + m. Determine s(d).
4
Let p(t) = t**2 - 9*t + 9. Let m(q) = q**3 - 3*q + 5. Let j be m(2). Calculate p(j).
-5
Suppose -f = 5*r + 3, 2*r - 4*r + 5*f = -15. Let m(p) = p**3 - 6*p**2 - 6*p - 1. Let v(i) = -i**3 + 5*i**2 + 5*i. Let q(g) = 5*m(g) + 6*v(g). Determine q(r).
-5
Let c(f) be the third derivative of f**5/60 + f**4/8 + f**3/3 - 2*f**2. Let j(h) = -2*h**2 + 4*h - 3. Let q be j(2). What is c(q)?
2
Let m(v) = -2*v**2 + 15*v + 1. Let a be (2/(-4) + 1)*6. Let l(p) = -p**2 + 8*p + 1. Let j(u) = a*m(u) - 5*l(u). Determine j(4).
2
Let x(v) = 5*v - 1. Let n(d) = -14*d + 3. Let t(y) = 3*n(y) + 8*x(y). Give t(-6).
13
Suppose 3*p - 7*p - 20 = 0. Let y(b) = 2*b - 26. Let f(c) = -c + 17. Let w(i) = -8*f(i) - 5*y(i). What is w(p)?
4
Let h(m) be the second derivative of m**5/20 - m**4/2 + m**3/6 + 3*m**2/2 - 5*m. What is h(6)?
9
Let c be 4/16 - 14/(-8). Let i(n) = -n + 3*n - 2 + n - n**2 + 0*n. What is i(c)?
0
Let j(r) = -1. Let n(w) = 1 - w - 3 + 1. Let a(g) = g**2 - 6*g + 1. Let b be a(6). Let q(s) = b*n(s) - 3*j(s). Determine q(3).
-1
Let f(y) = -4*y + 1. Let n(k) = -2 + 3*k**3 - 4 - 4*k**2 - 2*k**3 + 2*k. Let m be n(4). Give f(m).
-7
Suppose 0 = -b - 3, 0 = 2*l + 3*b - b. Let s(g) = g + 2*g**l + 2 - g**3 + 0*g. Let h = 429 - 429. What is s(h)?
2
Let p(t) = -t**3 + 5*t**2 - 2*t - 2. Let m(j) be the first derivative of -j**3/3 - 5*j**2 - 12*j + 4. Suppose -25 = 5*v + 15. Let k be m(v). Calculate p(k).
6
Let z(v) be the second derivative of v**4/6 + 2*v**3/3 + v**2/2 - v. Suppose -2 = 4*u - u + o, 5*u + 2 = -o. Let s = u - 3. Determine z(s).
7
Let z(i) be the first derivative of i**3/3 - 5*i**2 + 9*i + 46. Determine z(9).
0
Suppose -2*h + 5 = -3*q, 7 - 22 = -3*h - 3*q. Let u(g) = 1 + h*g + 3 + 0 + 2*g**2 + 3*g. Determine u(-4).
8
Let f(c) = c**3 - c**2 - c + 5. Suppose 0 = 24*m - 25*m. Give f(m).
5
Let a(h) be the third derivative of -h**4/24 + h**3/6 + 2*h**2. Let m be a(1). Let f(j) = m*j**3 + j**3 + 3 - 2*j - j**2 - 2. Give f(-2).
-7
Let h(f) = -2*f - 15. Let y(s) = -2*s - 13. Let a(w) = -5*h(w) + 6*y(w). Let n(q) = q**3 + 7*q**2 + 8*q + 9. Let u be n(-6). Determine a(u).
3
Let k(a) = 9*a**2 + a - 8. Let u(i) = -4*i**2 - i + 4. Let t(o) = 3*k(o) + 7*u(o). Determine t(-4).
4
Let q = -17 - -12. Let h(w) = -2*w - 3. Determine h(q).
7
Let a be 104/(-20) + (-1)/(-5). Let t(n) be the second derivative of n**5/20 + n**4/3 - 2*n**3/3 + 7*n**2/2 - 2*n. Determine t(a).
2
Let p = 2 - 1. Let g(t) = 6*t**2 - 2*t - 7. Let w(o) = o**2. Let m(a) = p*g(a) - 5*w(a). Give m(5).
8
Let f = 1 - -2. Let y(u) = 0*u - u**2 + u**2 + f*u - u**2. Suppose -2*s + 12 = -0*c + c, -3*c - 8 = -5*s. What is y(s)?
-4
Let k(r) be the third derivative of r**4/24 - r**3/6 - r**2. Let w = -37 - -32. Give k(w).
-6
Suppose q = -2, 1 = 5*f - 4*q + 13. Let k(n) = 4*n**2 + 3*n + 7. Let j(w) = 5*w**2 + 2*w + 8. Let x = 3 - -1. Let g(r) = x*k(r) - 3*j(r). Give g(f).
-4
Let y(b) = -7*b**3 + 2*b**2 - 6. Let a(r) = -6*r**3 + 2*r**2 - 5. Let k(l) = -6*a(l) + 5*y(l). Let o be 0 - (1 - 4 - -1). What is k(o)?
0
Let a(u) = -9*u + 40*u**2 +